{"id":53,"date":"2014-11-12T18:10:06","date_gmt":"2014-11-12T18:10:06","guid":{"rendered":"http:\/\/auzolan.org.es\/web\/?page_id=53"},"modified":"2017-11-04T17:48:34","modified_gmt":"2017-11-04T17:48:34","slug":"declaracion-de-principios","status":"publish","type":"page","link":"https:\/\/auzolan.org.es\/web\/auzolan\/declaracion-de-principios\/","title":{"rendered":"Declaraci\u00f3n de principios"},"content":{"rendered":"<p style=\"text-align: justify;\"><span style=\"color: #3f630d;\"><img loading=\"lazy\" decoding=\"async\" class=\"alignleft wp-image-116 size-full\" src=\"https:\/\/auzolan.org.es\/web\/wp-content\/uploads\/2014\/11\/lateralauzolan.jpg\" alt=\"lateralauzolan\" width=\"16\" height=\"547\" \/><span style=\"font-size: 14pt;\"><span style=\"font-family: book antiqua,palatino,serif; color: #ff0000;\">La R.\u00b7.L.\u00b7. Auzolan n\u00ba 1999, de la Orden Mas\u00f3nica Mixta Internacional le Droit Humain, <a href=\"http:\/\/elderechohumano.org\">Federaci\u00f3n espa\u00f1ola<\/a>, proclama la siguiente declaraci\u00f3n de\u00a0 principios como la inspiradora de su trabajo mas\u00f3nico<\/span>:<\/span><\/span><\/p>\n<p style=\"text-align: justify;\"><span style=\"color: #3f630d;\"><img loading=\"lazy\" decoding=\"async\" class=\"alignright wp-image-200 size-full\" src=\"https:\/\/auzolan.org.es\/web\/wp-content\/uploads\/2014\/11\/auzolanaren_kultura.png\" alt=\"declaraci\u00f3n de principios\" width=\"231\" height=\"500\" srcset=\"https:\/\/auzolan.org.es\/web\/wp-content\/uploads\/2014\/11\/auzolanaren_kultura.png 231w, https:\/\/auzolan.org.es\/web\/wp-content\/uploads\/2014\/11\/auzolanaren_kultura-139x300.png 139w, https:\/\/auzolan.org.es\/web\/wp-content\/uploads\/2014\/11\/auzolanaren_kultura-69x150.png 69w\" sizes=\"auto, (max-width: 231px) 100vw, 231px\" \/><\/span><\/p>\n<p style=\"text-align: justify;\"><span style=\"font-size: 14pt;\"><strong><span style=\"color: #008000; font-family: book antiqua,palatino,serif;\">El car\u00e1cter inici\u00e1tico, mixto e internacionalista que presidir\u00e1n permanentemente sus trabajo<\/span><\/strong><strong><span style=\"color: #008000; font-family: book antiqua,palatino,serif;\">s, siempre abiertos al Progreso de la Humanidad<\/span><\/strong><\/span><\/p>\n<p style=\"text-align: justify;\"><span style=\"font-size: 14pt;\"><strong><span style=\"color: #008000; font-family: book antiqua,palatino,serif;\">El laicismo como s\u00edmbolo de democracia, dentro un profundo esp\u00edritu humanista y teniendo la fraternidad como crisol en el que se funden sus principios<\/span><\/strong><\/span><\/p>\n<p><span style=\"font-size: 14pt;\"><strong><span style=\"color: #008000; font-family: book antiqua,palatino,serif;\">El perfeccionamiento individual como una herramienta para el avance de la humanidad<\/span><\/strong><\/span><\/p>\n<p>&nbsp;<\/p>\n<p><span style=\"font-size: 14pt;\"><strong><span style=\"color: #008000; font-family: book antiqua,palatino,serif;\">El trabajo de construcci\u00f3n como obreros en busca de la Justicia Social, s\u00edmbolo de la Fraternidad<\/span><\/strong><\/span><\/p>\n<p>&nbsp;<\/p>\n<p><span style=\"font-size: 14pt;\"><strong><span style=\"color: #008000; font-family: book antiqua,palatino,serif;\">La Libertad (<span style=\"color: #ff0000;\">Askatasuna<\/span>), la Igualdad (<span style=\"color: #ff0000;\">Berdintasuna<\/span>) y la Fraternidad (<span style=\"color: #ff0000;\">Anaitasuna<\/span>) como faro y gu\u00eda de su quehacer en la sociedad<\/span><\/strong><\/span><\/p>\n<p>&nbsp;<\/p>\n<p>&nbsp;<\/p>\n<p><img loading=\"lazy\" decoding=\"async\" class=\"alignleft wp-image-117 size-full\" src=\"https:\/\/auzolan.org.es\/web\/wp-content\/uploads\/2014\/11\/botom-auzolan.jpg\" alt=\"botom-auzolan\" width=\"600\" height=\"16\" srcset=\"https:\/\/auzolan.org.es\/web\/wp-content\/uploads\/2014\/11\/botom-auzolan.jpg 600w, https:\/\/auzolan.org.es\/web\/wp-content\/uploads\/2014\/11\/botom-auzolan-300x8.jpg 300w, https:\/\/auzolan.org.es\/web\/wp-content\/uploads\/2014\/11\/botom-auzolan-250x6.jpg 250w, https:\/\/auzolan.org.es\/web\/wp-content\/uploads\/2014\/11\/botom-auzolan-150x4.jpg 150w\" sizes=\"auto, (max-width: 600px) 100vw, 600px\" \/><\/p>\n","protected":false},"excerpt":{"rendered":"<p>La R.\u00b7.L.\u00b7. Auzolan n\u00ba 1999, de la Orden Mas\u00f3nica Mixta Internacional le Droit Humain, Federaci\u00f3n espa\u00f1ola, proclama la siguiente declaraci\u00f3n de\u00a0 principios como la inspiradora de su trabajo mas\u00f3nico: El car\u00e1cter inici\u00e1tico, mixto e internacionalista que presidir\u00e1n permanentemente sus trabajos, siempre abiertos al Progreso de la Humanidad El laicismo como s\u00edmbolo de democracia, dentro un [&hellip;]<\/p>\n","protected":false},"author":2,"featured_media":0,"parent":7,"menu_order":0,"comment_status":"open","ping_status":"closed","template":"","meta":{"_et_pb_use_builder":"","_et_pb_old_content":"","_et_gb_content_width":"","footnotes":""},"class_list":["post-53","page","type-page","status-publish","hentry"],"aioseo_notices":[],"_links":{"self":[{"href":"https:\/\/auzolan.org.es\/web\/wp-json\/wp\/v2\/pages\/53","targetHints":{"allow":["GET"]}}],"collection":[{"href":"https:\/\/auzolan.org.es\/web\/wp-json\/wp\/v2\/pages"}],"about":[{"href":"https:\/\/auzolan.org.es\/web\/wp-json\/wp\/v2\/types\/page"}],"author":[{"embeddable":true,"href":"https:\/\/auzolan.org.es\/web\/wp-json\/wp\/v2\/users\/2"}],"replies":[{"embeddable":true,"href":"https:\/\/auzolan.org.es\/web\/wp-json\/wp\/v2\/comments?post=53"}],"version-history":[{"count":15,"href":"https:\/\/auzolan.org.es\/web\/wp-json\/wp\/v2\/pages\/53\/revisions"}],"predecessor-version":[{"id":236,"href":"https:\/\/auzolan.org.es\/web\/wp-json\/wp\/v2\/pages\/53\/revisions\/236"}],"up":[{"embeddable":true,"href":"https:\/\/auzolan.org.es\/web\/wp-json\/wp\/v2\/pages\/7"}],"wp:attachment":[{"href":"https:\/\/auzolan.org.es\/web\/wp-json\/wp\/v2\/media?parent=53"}],"curies":[{"name":"wp","href":"https:\/\/api.w.org\/{rel}","templated":true}]}}