{"id":129,"date":"2015-02-15T17:54:47","date_gmt":"2015-02-15T17:54:47","guid":{"rendered":"http:\/\/auzolan.org.es\/web\/?page_id=129"},"modified":"2017-11-04T18:10:08","modified_gmt":"2017-11-04T18:10:08","slug":"discurso-venerable-maestra","status":"publish","type":"page","link":"https:\/\/auzolan.org.es\/web\/discurso-venerable-maestra\/","title":{"rendered":"Discurso Venerable Maestra"},"content":{"rendered":"<p style=\"text-align: justify;\"><em>Palabras de la Venerable Maestra en la ceremonia de Encendido de Luces de nuestra Logia<\/em><\/p>\n<p style=\"text-align: justify;\"><img loading=\"lazy\" decoding=\"async\" class=\"aligncenter wp-image-136 size-medium\" src=\"https:\/\/auzolan.org.es\/web\/wp-content\/uploads\/2015\/02\/sautoir-de-venerable-maitre-reaa-300x300.jpg\" alt=\"sautoir-de-venerable-maitre-reaa\" width=\"300\" height=\"300\" srcset=\"https:\/\/auzolan.org.es\/web\/wp-content\/uploads\/2015\/02\/sautoir-de-venerable-maitre-reaa-300x300.jpg 300w, https:\/\/auzolan.org.es\/web\/wp-content\/uploads\/2015\/02\/sautoir-de-venerable-maitre-reaa-150x150.jpg 150w, https:\/\/auzolan.org.es\/web\/wp-content\/uploads\/2015\/02\/sautoir-de-venerable-maitre-reaa.jpg 600w\" sizes=\"auto, (max-width: 300px) 100vw, 300px\" \/>El nacimiento de <strong>Auzolan<\/strong> es hoy algo de lo que todos nos tenemos que sentir doblemente orgullosos.<\/p>\n<p style=\"text-align: justify;\">Por un lado, la creaci\u00f3n de un nuevo eslab\u00f3n de la cadena de uni\u00f3n que nos permita la renovaci\u00f3n de los ideales mas\u00f3nicos de la <strong>OMMI Le Droit Humain, El Derecho Humano<\/strong> en esta tierra idealista e inconformista, como es el <strong>Pais Vasco<\/strong>.<\/p>\n<p style=\"text-align: justify;\">Por otro, hay que tener en cuenta que este nuevo alumbramiento dentro de una federaci\u00f3n tan joven como la nuestra, es un gran ejemplo del grado de compromiso de todos y cada uno de los integrantes de la <strong>Logia Auzolan<\/strong>, del Consejo federal y del representante del Supremo Consejo en nuestra federaci\u00f3n que nos han impulsado y apoyado para que lo que en un d\u00eda fue proyecto hoy pueda ser una realidad. Me gustar\u00eda agradecer a las Hermanas y Hermanos fundadores su esfuerzo y su entrega ya demostrada y que, con seguridad, ser\u00e1 necesario intensificar en el momento de comenzar ya los trabajos. Sin ellos, esta Logia no ser\u00eda posible y por ellos, el significado de la palabra Auzolan que hemos elegido como t\u00edtulo distintivo, simboliza a la perfecci\u00f3n el ideal de fraternidad que nos une a los hermanos y hermanas fundadores.<\/p>\n<p style=\"text-align: justify;\">En estos tiempos convulsos, llenos de ego\u00edsmo, corrupci\u00f3n y otras vilezas, el hecho de encontrar a un grupo de mujeres y hombres con la convicci\u00f3n para sacrificarse, a favor del progreso de la humanidad, es la ratificaci\u00f3n de que los ideales y la \u00e9tica pertenecientes a nuestra Orden, est\u00e1n presentes y han sido verdaderamente interiorizados a trav\u00e9s de nuestro car\u00e1cter inici\u00e1tico por todos y cada uno de los hermanos y hermanas fundadores. La igualdad entre hombres y mujeres, queda demostrada en la configuraci\u00f3n completamente mixta del colegio de oficiales.<\/p>\n<p>Y finalmente, la tercera caracter\u00edstica propia de nuestra Orden, el Internacionalismo, hoy<br \/>\nd\u00eda queda perfectamente reflejada en la gran cantidad de Hermanas y Hermanos que han viajado desde distintos lugares de Espa\u00f1a y Francia.<\/p>\n<p style=\"text-align: justify;\">Hermanas y Hermanos que, sin valorar intereses individuales, se vuelcan d\u00e1ndonos su apoyo y su calor en este complejo proyecto cuyo hito de inicio se ha fijado hoy en la emocionante ceremonia que acabamos de vivir.<\/p>\n<p style=\"text-align: justify;\">Gracias a todos y todas, queridos Hermanos y\u00a0 Hermanas por acompa\u00f1arnos en este viaje que empezamos hoy; sentiremos vuestra energ\u00eda a lo largo del esforzado recorrido que nos queda por delante. Tambi\u00e9n estamos agradecidos porque sabemos que algunas y algunos de vosotros ser\u00e9is asiduos colaboradores en nuestros trabajos.<\/p>\n<p style=\"text-align: justify;\">Tenemos la ilusi\u00f3n y la energ\u00eda que precisa la gran dedicaci\u00f3n que necesitamos para expandir los valores mas\u00f3nicos a los terrenos sociales, como nos ense\u00f1aron con su ejemplo nuestros fundadores Maria Deraismes y Georges Martin. Queremos contribuir a dar un poquito de luz en estos tiempos en los que la oscuridad gana terreno, y lo haremos trabajando de manera justa y perfecta conservando nuestro car\u00e1cter humanista, laico y adogm\u00e1tico para aportar nuestra contribuci\u00f3n efectiva a que un d\u00eda reinen en nuestro\u00a0 mundo la justicia, la tolerancia y la solidaridad.<\/p>\n<p style=\"text-align: justify;\">Trabajaremos derribando las barreras del fanatismo y la ignorancia y el individualismo en pos de la <strong>Libertad (Askatasuna)<\/strong>, la <strong>Igualdad (Berdintasuna)<\/strong> y la <strong>Fraternidad (Anaitasuna).<\/strong><\/p>\n","protected":false},"excerpt":{"rendered":"<p>Palabras de la Venerable Maestra en la ceremonia de Encendido de Luces de nuestra Logia El nacimiento de Auzolan es hoy algo de lo que todos nos tenemos que sentir doblemente orgullosos. Por un lado, la creaci\u00f3n de un nuevo eslab\u00f3n de la cadena de uni\u00f3n que nos permita la renovaci\u00f3n de los ideales mas\u00f3nicos [&hellip;]<\/p>\n","protected":false},"author":2,"featured_media":0,"parent":0,"menu_order":0,"comment_status":"open","ping_status":"closed","template":"","meta":{"_et_pb_use_builder":"","_et_pb_old_content":"","_et_gb_content_width":"","footnotes":""},"class_list":["post-129","page","type-page","status-publish","hentry"],"aioseo_notices":[],"_links":{"self":[{"href":"https:\/\/auzolan.org.es\/web\/wp-json\/wp\/v2\/pages\/129","targetHints":{"allow":["GET"]}}],"collection":[{"href":"https:\/\/auzolan.org.es\/web\/wp-json\/wp\/v2\/pages"}],"about":[{"href":"https:\/\/auzolan.org.es\/web\/wp-json\/wp\/v2\/types\/page"}],"author":[{"embeddable":true,"href":"https:\/\/auzolan.org.es\/web\/wp-json\/wp\/v2\/users\/2"}],"replies":[{"embeddable":true,"href":"https:\/\/auzolan.org.es\/web\/wp-json\/wp\/v2\/comments?post=129"}],"version-history":[{"count":4,"href":"https:\/\/auzolan.org.es\/web\/wp-json\/wp\/v2\/pages\/129\/revisions"}],"predecessor-version":[{"id":139,"href":"https:\/\/auzolan.org.es\/web\/wp-json\/wp\/v2\/pages\/129\/revisions\/139"}],"wp:attachment":[{"href":"https:\/\/auzolan.org.es\/web\/wp-json\/wp\/v2\/media?parent=129"}],"curies":[{"name":"wp","href":"https:\/\/api.w.org\/{rel}","templated":true}]}}